Let g be y(-1). Suppose 0 = -g*q + 5*q - 5. Suppose -5*p + 219 - 29 = q*d, -3*p + 184 = 5*d. What is the units digit of d?
5
Suppose 4*s - 1642 = 578. What is the units digit of s?
5
Let c(f) = -10*f - 35. Suppose -5*x + 0*x = r + 81, r + 1 = 0. What is the hundreds digit of c(x)?
1
Let p = -71 - -139. Let m = 148 - 163. Let s = p + m. What is the units digit of s?
3
Suppose 6*g - 1850 = 352. What is the tens digit of g?
6
Let m(j) = -2*j**2 + 13*j. Let u be m(5). What is the tens digit of 3*(380/u - 0)?
7
Let k(l) = -l**3 + 6*l**2 + l - 4. Let s be k(6). Suppose -2*r - r + u = -17, s*r = 2*u + 6. What is the units digit of r?
7
Let m = 196 - -14. Suppose 0 = 3*s + 4*s - m. What is the units digit of s?
0
Suppose 7*l + 4590 = 18576. What is the hundreds digit of l?
9
Suppose -5*l + 1515 = 3*g, 4*l = 5*g - 1203 - 1285. Let v = -347 + g. What is the tens digit of v?
5
Suppose -2*k - 1 - 5 = 4*t, -2*t - 9 = 3*k. Suppose t = 5*c - 8 - 2. Suppose c*p + 5 = 3, -5*p = 2*h - 7. What is the units digit of h?
6
Let o(d) = 22*d - 75. Let r be o(-12). Let k = -129 - r. What is the units digit of k?
0
Let m(r) = -69*r**2 + 33*r - 1. Let z(k) = -17*k**2 + 8*k. Let i(c) = 2*m(c) - 9*z(c). What is the hundreds digit of i(3)?
1
Let z(h) = -30 + 11 - 4*h**3 + h**2 - 7*h - 13 - 16*h**2. What is the tens digit of z(-6)?
3
Let h(x) = -5*x - 3. Let v be 225/(-12) - 20/16. What is the tens digit of h(v)?
9
What is the hundreds digit of 2/((-10)/(-10535)) + (0 - -3)?
1
Suppose 1560 = -510*j + 514*j. What is the hundreds digit of j?
3
Let c(x) be the second derivative of 2*x + 0 + 10/3*x**3 + 1/2*x**2. What is the tens digit of c(2)?
4
Suppose -3*d - w + 39 = 4*w, 3*d - 2*w - 18 = 0. Let y = d - 7. Let p(c) = 9*c**3 + c**2 - c + 1. What is the units digit of p(y)?
0
What is the hundreds digit of 51*(15 - -4) - 3/(-1)?
9
Suppose 5*b + 68 = 3*z, 3*z - b - 33 = 43. Let d(m) = z*m**2 - 5*m + 7*m + 0*m. What is the tens digit of d(-1)?
2
Let b = 9 - 6. Let g = 104 + -96. Let u = g - b. What is the units digit of u?
5
Let g(y) = -y**3 + 10*y**2 + 13*y + 16. Let t be g(11). Let d be t/(-4)*(-2 - 0). Suppose d*x - 14*x - 100 = 0. What is the tens digit of x?
2
Let l(d) = -14*d - 11. Suppose 5*q + 61 = -4*u + 16, 4*u + 30 = -2*q. What is the tens digit of l(q)?
5
What is the hundreds digit of (9/12 + -2)*(-340)/1?
4
Let g(l) = 117*l**2 + 11*l - 16. What is the thousands digit of g(3)?
1
Let c(y) = y**3 - 4*y**2 - 3*y + 1. Let m be c(6). Let j = -91 + m. Let i = j - -65. What is the units digit of i?
9
Let h(m) = m + 1. Suppose -4*k = 2*j - 10, 3*k + 0 = 5*j + 40. Let g be h(k). Suppose -6 = g*z - 7*z. What is the units digit of z?
6
Suppose 38*l - 37*l + 2*t - 15 = 0, -4*l + 5*t + 125 = 0. What is the tens digit of l?
2
Suppose -d + 143 = 2*o, -d + 40 = -4*o - 103. Let v = -114 + d. What is the tens digit of v?
2
Let u = 52 + -51. Let d(v) = 189*v - 3. What is the tens digit of d(u)?
8
Let v = 11 + -11. Suppose 3*r + f = 536, v*f = -f - 4. Suppose 5*a - y - r = -59, -4*y = 4. What is the tens digit of a?
2
What is the hundreds digit of (-51585)/(-24) - (-10)/16?
1
Suppose 6*a - 4531 = -4*g + 5*a, 5690 = 5*g - 4*a. What is the tens digit of g?
3
Suppose -770*i + 38025 = -757*i. What is the tens digit of i?
2
Suppose -278*h - 3429 = -281*h. What is the tens digit of h?
4
Let r(k) = -147*k - 124. What is the hundreds digit of r(-4)?
4
What is the tens digit of (-239)/(4/24*-3) + -6?
7
Let t(o) be the first derivative of -o**4/4 - o**3/3 + o**2 + 4*o + 6. Let s be t(-3). What is the units digit of 630/s + 30/(-80)?
9
Let a(o) = -o**2 + 2*o + 9. Let b be a(3). What is the tens digit of (-2)/b + (-669)/(-9)?
7
Let n(h) = h**3 + 10*h**2 + 2*h - 15. Let a be n(-10). Let b = -6 - a. What is the units digit of b?
9
Suppose -146 - 178 = -3*z. What is the hundreds digit of z?
1
Suppose -4*s + 7 = -9. Suppose s*m = 5*m - 5. Suppose x + 0*g = 4*g + 37, 0 = -m*x - 5*g + 110. What is the tens digit of x?
2
Let x(n) = -n**3 - 7*n**2 - 2*n - 11. Let y be x(-10). Suppose -5*v + 174 = -4*s - 328, 5*s = 3*v - y. Suppose 5*t - v = 62. What is the tens digit of t?
3
Suppose -2*r = -3*o + 8, -4*o - 3*r + 3 = -2. Let d = 5 - o. Suppose -3*j = -4*f - 8, -5*f = -j + d - 4. What is the units digit of f?
1
Suppose -b - w - 4 = 0, 23 = 4*b - b - 4*w. Let v be (2/((-4)/(-34)))/b. Suppose -v*c - 232 = -21*c. What is the units digit of c?
8
Suppose 3*m - 5*y - 300 = 0, -2*y + 400 = 4*m - 5*y. What is the hundreds digit of m?
1
Let x = -636 - -834. What is the hundreds digit of x?
1
Suppose -7*z = -8*z - 38. Let x = -31 - z. What is the units digit of x?
7
Let l(s) = -7*s - 2. Let o be l(2). Let w = 51 + o. What is the tens digit of w?
3
Let v(i) = -2757*i + 333. What is the hundreds digit of v(-2)?
8
Let n(d) = d**2 + 4*d - 39. Let v be n(-9). Suppose -44 = v*c - 158. What is the tens digit of c?
1
Suppose -8*x = -911 - 233. What is the tens digit of x?
4
Let h = 2 + 1. Let s be (6/9 - 1)*h. What is the units digit of (-8)/(s/(-2 - -3))?
8
Let z = -130 + 548. Suppose -z = 3*m - c - 1031, 207 = m - c. What is the units digit of m?
3
Suppose -2*g + 4 = -3*g, -4*d - 5*g = -284. Suppose d = p - 92. Suppose -9*b = -2*b - p. What is the units digit of b?
4
Suppose 3013 = 5*k - 5167. What is the thousands digit of k?
1
Let g(q) = -39 + 15 + 11 - 9*q. What is the tens digit of g(-10)?
7
Suppose 33*v + 59*v - 6164 = 0. What is the tens digit of v?
6
What is the units digit of (0 + 212*1)*(-5)/(-4)?
5
What is the units digit of (927*3/(-6))/((-11)/66)?
1
Let m(v) = -59*v - 1. Let s be m(-2). Let j = s + -77. What is the units digit of j?
0
Let y = -1 + -4. Let d(h) = 3*h**2 + 4*h - 1. What is the tens digit of d(y)?
5
Let a(q) = -2*q**3 - 10*q**2 - 10*q + 16. Let b(o) = -o**3 - o + 1. Let g(f) = a(f) - b(f). What is the units digit of g(-9)?
5
Let t = -1012 + 1889. What is the tens digit of t?
7
What is the units digit of -26*-69*(-3)/(-18)?
9
Suppose 13 + 11 = 4*w. Suppose -w = -6*q + 4*q. Suppose 0 = 3*k, 2*l = -q*l - k + 135. What is the units digit of l?
7
Let z be (-4)/10*(4 + -34). Suppose l - 2*u - 2 = 2*l, -z = 4*u. Suppose -k = -l*i - 4, -2*i - 32 - 20 = -3*k. What is the tens digit of k?
2
Suppose -11*h = -5*h - 42. Suppose h*o - 8*o = -63. What is the tens digit of o?
6
Let s be 3*(0 - (-2)/3). Let p = -25 - -39. Suppose -p = -3*b - s. What is the units digit of b?
4
Suppose 3*l = -5*l + 24. Let g be (-1)/(2/(-48)*2). Suppose -g = 2*i + 3*n + 1, i + 14 = -l*n. What is the units digit of i?
1
Let c(k) = -2*k**3 + 5*k**2 + 6*k + 6. Let o(r) = -3*r**3 + 4*r**2 + 7*r + 6. Let h(w) = 4*c(w) - 3*o(w). What is the tens digit of h(-6)?
6
Suppose -21 + 11 = -5*m. Suppose 0*r = m*y + r - 155, 0 = 5*y + r - 380. What is the units digit of y?
5
Suppose -r + 84 = -40. Let q = r - 89. Let f = -12 + q. What is the tens digit of f?
2
Let w be 4*(-1 + (-67)/(-4)). Let h = 65 + w. What is the hundreds digit of h?
1
What is the units digit of -4 + 5/(15/5037)?
5
What is the units digit of -1 + (20 - 10) - -174?
3
Let h(x) = -5*x**2 - 27*x - 7. Let q(r) = 11*r**2 + 55*r + 13. Let w(j) = 9*h(j) + 4*q(j). What is the hundreds digit of w(-15)?
1
Let b = 7185 - 3960. What is the hundreds digit of b?
2
Suppose -4*m + 3*m = -3*i - 3932, 7*m - i = 27464. What is the units digit of m?
3
Let r(i) = 11*i**2 - 5*i + 19. Let u be r(5). Suppose 8*j = u + 827. What is the tens digit of j?
3
Suppose c + 26 + 18 = 0. Suppose -30 + 10 = 5*x. What is the units digit of x/14 - c/7?
6
Let v = 148 - -104. Suppose v = 10*k - 4*k. What is the units digit of k?
2
Let c = 3 + 6. Suppose 2*j + 5*g + c = -52, -4*j - g - 149 = 0. Let u = j - -75. What is the units digit of u?
7
Suppose -2346 = 4*v - 7*v. Let d = -512 + v. What is the tens digit of d?
7
Let k(j) = 9*j**2 + 9*j + 6. Let m(t) = -t**2 - t - 1. Let a(l) = -2*k(l) - 14*m(l). Let y be a(-6). Let d = 171 + y. What is the units digit of d?
3
Suppose 5*w + 2*c + 538 = 0, 4*w + 13 = -3*c - 423. Let h = w + 191. What is the units digit of h?
5
Suppose -2*z + m + 93 = -36, -315 = -5*z + m. Suppose -6*u = -2*u - 192. Suppose -z = -5*l + u. What is the units digit of l?
2
Let o = -299 + 449. Suppose 10*l = 1420 - o. What is the hundreds digit of l?
1
Suppose -3005 = -14*s + 845. What is the units d